{"id":11217,"date":"2021-01-21T14:27:09","date_gmt":"2021-01-21T13:27:09","guid":{"rendered":"https:\/\/www.llauts.com\/fjord-mallorca\/"},"modified":"2026-03-10T14:08:36","modified_gmt":"2026-03-10T13:08:36","slug":"fjord-mallorca","status":"publish","type":"page","link":"https:\/\/www.llauts.com\/fr\/fjord-mallorca\/","title":{"rendered":"Fjord"},"content":{"rendered":"<div class=\"wpb-content-wrapper\"><p>[vc_row][vc_column]<div class=\"cq-parallaxcontainer \"  data-speed=\"\" data-coverratio=\"\" data-holderminheight=\"\" data-holdermaxheight=\"\" data-extraheight=\"\" data-target=\"\"><div class=\"cq-parallaximage\" data-image=\"https:\/\/www.llauts.com\/wp-content\/uploads\/2020\/12\/Fjord44_open_CB_1.png\" data-width=\"1324\" data-height=\"794\" data-image-mobile=\"https:\/\/www.llauts.com\/wp-content\/uploads\/2020\/12\/Fjord44_open_CB_1-640x384.png\" data-link=\"\"><\/div><section class=\"cq-parallaxsection\" style=\"color:#333;background:#FFF;padding:2% 5%;\"><\/p>\n<p><\/section><\/div><div id=\"sc_title_2035395488\"\r\n\t\tclass=\"sc_title color_style_default sc_title_alter  vc_custom_1772644375152\"><h5 class=\"sc_item_title sc_title_title sc_align_center sc_item_title_style_alter sc_item_title_tag\">Fjord<\/h5><div class=\"sc_item_descr sc_title_descr sc_align_center\"><p>Fjord est une marque de renomm\u00e9e mondiale, reconnue pour son raffinement, son design impeccable et l'innovation constante qui caract\u00e9rise chacun de ses bateaux. Chaque yacht allie \u00e9l\u00e9gance, performance et confort, offrant une exp\u00e9rience de navigation exceptionnelle, con\u00e7ue pour ceux qui recherchent bien plus qu'une simple location : une immersion authentique en mer.<\/p>\n<p>Ces yachts de luxe vous invitent \u00e0 naviguer dans les eaux cristallines de Majorque et d'Ibiza, deux des destinations nautiques les plus exclusives de la M\u00e9diterran\u00e9e. Explorez des criques secr\u00e8tes, jetez l'ancre au large de plages paradisiaques et contemplez des couchers de soleil inoubliables depuis le pont, dans un cadre privil\u00e9gi\u00e9.<\/p>\n<p>Chaque bateau est \u00e9quip\u00e9 d'un capitaine professionnel, gage de s\u00e9curit\u00e9, de s\u00e9r\u00e9nit\u00e9 et de sa connaissance approfondie des lieux pour d\u00e9couvrir les plus beaux endroits. Un \u00e9quipage suppl\u00e9mentaire peut \u00eatre ajout\u00e9 pour un service \u00e0 bord encore plus personnalis\u00e9 et exclusif.<\/p>\n<p>Pour ceux qui recherchent un \u00e9quilibre entre d\u00e9tente et sensations fortes, les yachts proposent des activit\u00e9s nautiques telles que le Sea Bob, le paddle et d'autres jouets aquatiques, transformant chaque journ\u00e9e en mer en une exp\u00e9rience dynamique et m\u00e9morable.<\/p>\n<p>Une option id\u00e9ale pour des escapades priv\u00e9es, des c\u00e9l\u00e9brations sp\u00e9ciales ou tout simplement pour d\u00e9couvrir la M\u00e9diterran\u00e9e avec un niveau de luxe et de confort optimal.<\/p>\n<\/div><\/div><!-- \/.sc_title -->[vc_masonry_grid post_type=&#8221;post&#8221; max_items=&#8221;10&#8243; orderby=&#8221;meta_value&#8221; item=&#8221;11406&#8243; css=&#8221;&#8221; grid_id=&#8221;vc_gid:1773148068540-410b6efe-27c0-4&#8243; taxonomies=&#8221;86&#8243; meta_key=&#8221;eslora&#8221;][\/vc_column][\/vc_row]<\/p>\n<\/div>","protected":false},"excerpt":{"rendered":"<p>[vc_row][vc_column][vc_masonry_grid post_type=&#8221;post&#8221; max_items=&#8221;10&#8243; orderby=&#8221;meta_value&#8221; item=&#8221;11406&#8243; css=&#8221;&#8221; grid_id=&#8221;vc_gid:1773148068540-410b6efe-27c0-4&#8243; taxonomies=&#8221;86&#8243; meta_key=&#8221;eslora&#8221;][\/vc_column][\/vc_row]<\/p>\n","protected":false},"author":1,"featured_media":0,"parent":0,"menu_order":0,"comment_status":"closed","ping_status":"closed","template":"","meta":{"_acf_changed":false,"footnotes":""},"class_list":["post-11217","page","type-page","status-publish","placeholder-for-hentry"],"acf":[],"yoast_head":"<!-- This site is optimized with the Yoast SEO plugin v27.4 - https:\/\/yoast.com\/product\/yoast-seo-wordpress\/ -->\n<title>Fjord - Llauts.com<\/title>\n<meta name=\"robots\" content=\"index, follow, max-snippet:-1, max-image-preview:large, max-video-preview:-1\" \/>\n<link rel=\"canonical\" href=\"https:\/\/www.llauts.com\/fr\/fjord-mallorca\/\" \/>\n<meta property=\"og:locale\" content=\"fr_FR\" \/>\n<meta property=\"og:type\" content=\"article\" \/>\n<meta property=\"og:title\" content=\"Fjord - Llauts.com\" \/>\n<meta property=\"og:description\" content=\"[vc_row][vc_column][vc_masonry_grid post_type=&#8221;post&#8221; max_items=&#8221;10&#8243; orderby=&#8221;meta_value&#8221; item=&#8221;11406&#8243; css=&#8221;&#8221; grid_id=&#8221;vc_gid:1773148068540-410b6efe-27c0-4&#8243; taxonomies=&#8221;86&#8243; meta_key=&#8221;eslora&#8221;][\/vc_column][\/vc_row]\" \/>\n<meta property=\"og:url\" content=\"https:\/\/www.llauts.com\/fr\/fjord-mallorca\/\" \/>\n<meta property=\"og:site_name\" content=\"Llauts.com\" \/>\n<meta property=\"article:publisher\" content=\"https:\/\/www.facebook.com\/Llauts-Charter-Port-Andratx-253872008116573\/\" \/>\n<meta property=\"article:modified_time\" content=\"2026-03-10T13:08:36+00:00\" \/>\n<meta property=\"og:image\" content=\"https:\/\/www.llauts.com\/wp-content\/uploads\/2018\/01\/cropped-logo_png-1.png\" \/>\n\t<meta property=\"og:image:width\" content=\"170\" \/>\n\t<meta property=\"og:image:height\" content=\"66\" \/>\n\t<meta property=\"og:image:type\" content=\"image\/png\" \/>\n<meta name=\"twitter:card\" content=\"summary_large_image\" \/>\n<script type=\"application\/ld+json\" class=\"yoast-schema-graph\">{\"@context\":\"https:\\\/\\\/schema.org\",\"@graph\":[{\"@type\":\"WebPage\",\"@id\":\"https:\\\/\\\/www.llauts.com\\\/fr\\\/fjord-mallorca\\\/\",\"url\":\"https:\\\/\\\/www.llauts.com\\\/fr\\\/fjord-mallorca\\\/\",\"name\":\"Fjord - Llauts.com\",\"isPartOf\":{\"@id\":\"https:\\\/\\\/www.llauts.com\\\/#website\"},\"datePublished\":\"2021-01-21T13:27:09+00:00\",\"dateModified\":\"2026-03-10T13:08:36+00:00\",\"breadcrumb\":{\"@id\":\"https:\\\/\\\/www.llauts.com\\\/fr\\\/fjord-mallorca\\\/#breadcrumb\"},\"inLanguage\":\"fr-FR\",\"potentialAction\":[{\"@type\":\"ReadAction\",\"target\":[\"https:\\\/\\\/www.llauts.com\\\/fr\\\/fjord-mallorca\\\/\"]}]},{\"@type\":\"BreadcrumbList\",\"@id\":\"https:\\\/\\\/www.llauts.com\\\/fr\\\/fjord-mallorca\\\/#breadcrumb\",\"itemListElement\":[{\"@type\":\"ListItem\",\"position\":1,\"name\":\"Portada\",\"item\":\"https:\\\/\\\/www.llauts.com\\\/fr\\\/\"},{\"@type\":\"ListItem\",\"position\":2,\"name\":\"Fjord\"}]},{\"@type\":\"WebSite\",\"@id\":\"https:\\\/\\\/www.llauts.com\\\/#website\",\"url\":\"https:\\\/\\\/www.llauts.com\\\/\",\"name\":\"Llauts.com\",\"description\":\"Alquiler y venta de barcos Puerto d&#039;Andratx\",\"publisher\":{\"@id\":\"https:\\\/\\\/www.llauts.com\\\/#organization\"},\"inLanguage\":\"fr-FR\"},{\"@type\":\"Organization\",\"@id\":\"https:\\\/\\\/www.llauts.com\\\/#organization\",\"name\":\"Llauts.com\",\"url\":\"https:\\\/\\\/www.llauts.com\\\/\",\"logo\":{\"@type\":\"ImageObject\",\"inLanguage\":\"fr-FR\",\"@id\":\"https:\\\/\\\/www.llauts.com\\\/#\\\/schema\\\/logo\\\/image\\\/\",\"url\":\"https:\\\/\\\/www.llauts.com\\\/wp-content\\\/uploads\\\/2026\\\/02\\\/logo_llauts_1982.png\",\"contentUrl\":\"https:\\\/\\\/www.llauts.com\\\/wp-content\\\/uploads\\\/2026\\\/02\\\/logo_llauts_1982.png\",\"width\":1536,\"height\":1024,\"caption\":\"Llauts.com\"},\"image\":{\"@id\":\"https:\\\/\\\/www.llauts.com\\\/#\\\/schema\\\/logo\\\/image\\\/\"},\"sameAs\":[\"https:\\\/\\\/www.facebook.com\\\/Llauts-Charter-Port-Andratx-253872008116573\\\/\",\"https:\\\/\\\/www.instagram.com\\\/llautsboats\\\/\"]}]}<\/script>\n<!-- \/ Yoast SEO plugin. -->","yoast_head_json":{"title":"Fjord - Llauts.com","robots":{"index":"index","follow":"follow","max-snippet":"max-snippet:-1","max-image-preview":"max-image-preview:large","max-video-preview":"max-video-preview:-1"},"canonical":"https:\/\/www.llauts.com\/fr\/fjord-mallorca\/","og_locale":"fr_FR","og_type":"article","og_title":"Fjord - Llauts.com","og_description":"[vc_row][vc_column][vc_masonry_grid post_type=&#8221;post&#8221; max_items=&#8221;10&#8243; orderby=&#8221;meta_value&#8221; item=&#8221;11406&#8243; css=&#8221;&#8221; grid_id=&#8221;vc_gid:1773148068540-410b6efe-27c0-4&#8243; taxonomies=&#8221;86&#8243; meta_key=&#8221;eslora&#8221;][\/vc_column][\/vc_row]","og_url":"https:\/\/www.llauts.com\/fr\/fjord-mallorca\/","og_site_name":"Llauts.com","article_publisher":"https:\/\/www.facebook.com\/Llauts-Charter-Port-Andratx-253872008116573\/","article_modified_time":"2026-03-10T13:08:36+00:00","og_image":[{"width":170,"height":66,"url":"https:\/\/www.llauts.com\/wp-content\/uploads\/2018\/01\/cropped-logo_png-1.png","type":"image\/png"}],"twitter_card":"summary_large_image","schema":{"@context":"https:\/\/schema.org","@graph":[{"@type":"WebPage","@id":"https:\/\/www.llauts.com\/fr\/fjord-mallorca\/","url":"https:\/\/www.llauts.com\/fr\/fjord-mallorca\/","name":"Fjord - Llauts.com","isPartOf":{"@id":"https:\/\/www.llauts.com\/#website"},"datePublished":"2021-01-21T13:27:09+00:00","dateModified":"2026-03-10T13:08:36+00:00","breadcrumb":{"@id":"https:\/\/www.llauts.com\/fr\/fjord-mallorca\/#breadcrumb"},"inLanguage":"fr-FR","potentialAction":[{"@type":"ReadAction","target":["https:\/\/www.llauts.com\/fr\/fjord-mallorca\/"]}]},{"@type":"BreadcrumbList","@id":"https:\/\/www.llauts.com\/fr\/fjord-mallorca\/#breadcrumb","itemListElement":[{"@type":"ListItem","position":1,"name":"Portada","item":"https:\/\/www.llauts.com\/fr\/"},{"@type":"ListItem","position":2,"name":"Fjord"}]},{"@type":"WebSite","@id":"https:\/\/www.llauts.com\/#website","url":"https:\/\/www.llauts.com\/","name":"Llauts.com","description":"Alquiler y venta de barcos Puerto d&#039;Andratx","publisher":{"@id":"https:\/\/www.llauts.com\/#organization"},"inLanguage":"fr-FR"},{"@type":"Organization","@id":"https:\/\/www.llauts.com\/#organization","name":"Llauts.com","url":"https:\/\/www.llauts.com\/","logo":{"@type":"ImageObject","inLanguage":"fr-FR","@id":"https:\/\/www.llauts.com\/#\/schema\/logo\/image\/","url":"https:\/\/www.llauts.com\/wp-content\/uploads\/2026\/02\/logo_llauts_1982.png","contentUrl":"https:\/\/www.llauts.com\/wp-content\/uploads\/2026\/02\/logo_llauts_1982.png","width":1536,"height":1024,"caption":"Llauts.com"},"image":{"@id":"https:\/\/www.llauts.com\/#\/schema\/logo\/image\/"},"sameAs":["https:\/\/www.facebook.com\/Llauts-Charter-Port-Andratx-253872008116573\/","https:\/\/www.instagram.com\/llautsboats\/"]}]}},"_links":{"self":[{"href":"https:\/\/www.llauts.com\/fr\/wp-json\/wp\/v2\/pages\/11217","targetHints":{"allow":["GET"]}}],"collection":[{"href":"https:\/\/www.llauts.com\/fr\/wp-json\/wp\/v2\/pages"}],"about":[{"href":"https:\/\/www.llauts.com\/fr\/wp-json\/wp\/v2\/types\/page"}],"author":[{"embeddable":true,"href":"https:\/\/www.llauts.com\/fr\/wp-json\/wp\/v2\/users\/1"}],"replies":[{"embeddable":true,"href":"https:\/\/www.llauts.com\/fr\/wp-json\/wp\/v2\/comments?post=11217"}],"version-history":[{"count":0,"href":"https:\/\/www.llauts.com\/fr\/wp-json\/wp\/v2\/pages\/11217\/revisions"}],"wp:attachment":[{"href":"https:\/\/www.llauts.com\/fr\/wp-json\/wp\/v2\/media?parent=11217"}],"curies":[{"name":"wp","href":"https:\/\/api.w.org\/{rel}","templated":true}]}}

<div class="wpb-content-wrapper"><p>[vc_row][vc_column]<div class="cq-parallaxcontainer "  data-speed="" data-coverratio="" data-holderminheight="" data-holdermaxheight="" data-extraheight="" data-target=""><div class="cq-parallaximage" data-image="https://www.llauts.com/wp-content/uploads/2020/12/Fjord44_open_CB_1.png" data-width="1324" data-height="794" data-image-mobile="https://www.llauts.com/wp-content/uploads/2020/12/Fjord44_open_CB_1-640x384.png" data-link=""></div><section class="cq-parallaxsection" style="color:#333;background:#FFF;padding:2% 5%;"></p>
<p></section></div><div id="sc_title_2035395488"
		class="sc_title color_style_default sc_title_alter  vc_custom_1772644375152"><h5 class="sc_item_title sc_title_title sc_align_center sc_item_title_style_alter sc_item_title_tag">Fjord</h5><div class="sc_item_descr sc_title_descr sc_align_center"><p>Fjord est une marque de renommée mondiale, reconnue pour son raffinement, son design impeccable et l'innovation constante qui caractérise chacun de ses bateaux. Chaque yacht allie élégance, performance et confort, offrant une expérience de navigation exceptionnelle, conçue pour ceux qui recherchent bien plus qu'une simple location : une immersion authentique en mer.</p>
<p>Ces yachts de luxe vous invitent à naviguer dans les eaux cristallines de Majorque et d'Ibiza, deux des destinations nautiques les plus exclusives de la Méditerranée. Explorez des criques secrètes, jetez l'ancre au large de plages paradisiaques et contemplez des couchers de soleil inoubliables depuis le pont, dans un cadre privilégié.</p>
<p>Chaque bateau est équipé d'un capitaine professionnel, gage de sécurité, de sérénité et de sa connaissance approfondie des lieux pour découvrir les plus beaux endroits. Un équipage supplémentaire peut être ajouté pour un service à bord encore plus personnalisé et exclusif.</p>
<p>Pour ceux qui recherchent un équilibre entre détente et sensations fortes, les yachts proposent des activités nautiques telles que le Sea Bob, le paddle et d'autres jouets aquatiques, transformant chaque journée en mer en une expérience dynamique et mémorable.</p>
<p>Une option idéale pour des escapades privées, des célébrations spéciales ou tout simplement pour découvrir la Méditerranée avec un niveau de luxe et de confort optimal.</p>
</div></div><!-- /.sc_title -->[vc_masonry_grid post_type=&#8221;post&#8221; max_items=&#8221;10&#8243; orderby=&#8221;meta_value&#8221; item=&#8221;11406&#8243; css=&#8221;&#8221; grid_id=&#8221;vc_gid:1773148068540-410b6efe-27c0-4&#8243; taxonomies=&#8221;86&#8243; meta_key=&#8221;eslora&#8221;][/vc_column][/vc_row]</p>
</div>
