{"id":7082,"date":"2021-01-21T14:27:09","date_gmt":"2021-01-21T13:27:09","guid":{"rendered":"https:\/\/www.llauts.com\/fjord-mallorca\/"},"modified":"2026-03-10T14:05:55","modified_gmt":"2026-03-10T13:05:55","slug":"fjord-mallorca","status":"publish","type":"page","link":"https:\/\/www.llauts.com\/de\/fjord-mallorca\/","title":{"rendered":"Fjord"},"content":{"rendered":"<div class=\"wpb-content-wrapper\"><p>[vc_row][vc_column]<div class=\"cq-parallaxcontainer \"  data-speed=\"\" data-coverratio=\"\" data-holderminheight=\"\" data-holdermaxheight=\"\" data-extraheight=\"\" data-target=\"\"><div class=\"cq-parallaximage\" data-image=\"https:\/\/www.llauts.com\/wp-content\/uploads\/2020\/12\/Fjord44_open_CB_1.png\" data-width=\"1324\" data-height=\"794\" data-image-mobile=\"https:\/\/www.llauts.com\/wp-content\/uploads\/2020\/12\/Fjord44_open_CB_1-640x384.png\" data-link=\"\"><\/div><section class=\"cq-parallaxsection\" style=\"color:#333;background:#FFF;padding:2% 5%;\"><\/p>\n<p><\/section><\/div><div id=\"sc_title_899003930\"\r\n\t\tclass=\"sc_title color_style_default sc_title_alter  vc_custom_1772644559891\"><h5 class=\"sc_item_title sc_title_title sc_align_center sc_item_title_style_alter sc_item_title_tag\">Fjord<\/h5><div class=\"sc_item_descr sc_title_descr sc_align_center\"><p>Fjord ist eine weltweit anerkannte Marke, die f\u00fcr ihre exquisite Qualit\u00e4t, ihr makelloses Design und die st\u00e4ndige Innovation ihrer Schiffe bekannt ist. Jede Yacht vereint Eleganz, Leistung und Komfort und bietet ein au\u00dfergew\u00f6hnliches Segelerlebnis f\u00fcr alle, die mehr als nur eine Charter suchen: ein wahrhaft authentisches Erlebnis auf See.<\/p>\n<p>Diese Luxusyachten stehen Ihnen im kristallklaren Wasser von Mallorca und Ibiza zur Verf\u00fcgung, zwei der exklusivsten Segelreviere im Mittelmeer. Segeln Sie durch versteckte Buchten, ankern Sie vor idyllischen Str\u00e4nden und erleben Sie unvergessliche Sonnenunterg\u00e4nge vom Deck aus, umgeben von einer privilegierten Umgebung.<\/p>\n<p>Alle Schiffe verf\u00fcgen \u00fcber einen professionellen Kapit\u00e4n, der Sicherheit, Entspannung und Ortskenntnis garantiert, um die sch\u00f6nsten Pl\u00e4tze zu entdecken. Zus\u00e4tzliche Crew kann f\u00fcr einen noch pers\u00f6nlicheren und exklusiveren Service an Bord hinzugebucht werden.<\/p>\n<p>F\u00fcr alle, die Entspannung und Adrenalin suchen, bieten die Yachten die M\u00f6glichkeit, Wassersportaktivit\u00e4ten wie Sea Bob, Stand-Up-Paddling und andere Wasserspielzeuge zu nutzen und so jeden Tag auf See zu einem dynamischen und unvergesslichen Erlebnis zu machen.<\/p>\n<p>Eine perfekte Option f\u00fcr private Ausfl\u00fcge, besondere Feierlichkeiten oder einfach, um das Mittelmeer mit h\u00f6chstem Luxus und Komfort zu erleben.<\/p>\n<\/div><\/div><!-- \/.sc_title -->[vc_masonry_grid post_type=&#8221;post&#8221; max_items=&#8221;10&#8243; orderby=&#8221;meta_value&#8221; item=&#8221;11407&#8243; css=&#8221;&#8221; grid_id=&#8221;vc_gid:1773147893856-9a0fe7e6-20b0-4&#8243; taxonomies=&#8221;86&#8243; meta_key=&#8221;eslora&#8221;][\/vc_column][\/vc_row]<\/p>\n<\/div>","protected":false},"excerpt":{"rendered":"<p>[vc_row][vc_column][vc_masonry_grid post_type=&#8221;post&#8221; max_items=&#8221;10&#8243; orderby=&#8221;meta_value&#8221; item=&#8221;11407&#8243; css=&#8221;&#8221; grid_id=&#8221;vc_gid:1773147893856-9a0fe7e6-20b0-4&#8243; taxonomies=&#8221;86&#8243; meta_key=&#8221;eslora&#8221;][\/vc_column][\/vc_row]<\/p>\n","protected":false},"author":1,"featured_media":0,"parent":0,"menu_order":0,"comment_status":"closed","ping_status":"closed","template":"","meta":{"_acf_changed":false,"footnotes":""},"class_list":["post-7082","page","type-page","status-publish","placeholder-for-hentry"],"acf":[],"yoast_head":"<!-- This site is optimized with the Yoast SEO plugin v27.4 - https:\/\/yoast.com\/product\/yoast-seo-wordpress\/ -->\n<title>Fjord - Llauts.com<\/title>\n<meta name=\"robots\" content=\"index, follow, max-snippet:-1, max-image-preview:large, max-video-preview:-1\" \/>\n<link rel=\"canonical\" href=\"https:\/\/www.llauts.com\/fjord-mallorca\/\" \/>\n<meta property=\"og:locale\" content=\"de_DE\" \/>\n<meta property=\"og:type\" content=\"article\" \/>\n<meta property=\"og:title\" content=\"Fjord - Llauts.com\" \/>\n<meta property=\"og:description\" content=\"[vc_row][vc_column][vc_masonry_grid post_type=&#8221;post&#8221; max_items=&#8221;10&#8243; orderby=&#8221;meta_value&#8221; item=&#8221;11407&#8243; css=&#8221;&#8221; grid_id=&#8221;vc_gid:1773147893856-9a0fe7e6-20b0-4&#8243; taxonomies=&#8221;86&#8243; meta_key=&#8221;eslora&#8221;][\/vc_column][\/vc_row]\" \/>\n<meta property=\"og:url\" content=\"https:\/\/www.llauts.com\/fjord-mallorca\/\" \/>\n<meta property=\"og:site_name\" content=\"Llauts.com\" \/>\n<meta property=\"article:publisher\" content=\"https:\/\/www.facebook.com\/Llauts-Charter-Port-Andratx-253872008116573\/\" \/>\n<meta property=\"article:modified_time\" content=\"2026-03-10T13:05:55+00:00\" \/>\n<meta property=\"og:image\" content=\"https:\/\/www.llauts.com\/wp-content\/uploads\/2018\/01\/cropped-logo_png-1.png\" \/>\n\t<meta property=\"og:image:width\" content=\"170\" \/>\n\t<meta property=\"og:image:height\" content=\"66\" \/>\n\t<meta property=\"og:image:type\" content=\"image\/png\" \/>\n<meta name=\"twitter:card\" content=\"summary_large_image\" \/>\n<script type=\"application\/ld+json\" class=\"yoast-schema-graph\">{\"@context\":\"https:\\\/\\\/schema.org\",\"@graph\":[{\"@type\":\"WebPage\",\"@id\":\"https:\\\/\\\/www.llauts.com\\\/fjord-mallorca\\\/\",\"url\":\"https:\\\/\\\/www.llauts.com\\\/fjord-mallorca\\\/\",\"name\":\"Fjord - Llauts.com\",\"isPartOf\":{\"@id\":\"https:\\\/\\\/www.llauts.com\\\/#website\"},\"datePublished\":\"2021-01-21T13:27:09+00:00\",\"dateModified\":\"2026-03-10T13:05:55+00:00\",\"breadcrumb\":{\"@id\":\"https:\\\/\\\/www.llauts.com\\\/fjord-mallorca\\\/#breadcrumb\"},\"inLanguage\":\"de-DE\",\"potentialAction\":[{\"@type\":\"ReadAction\",\"target\":[\"https:\\\/\\\/www.llauts.com\\\/fjord-mallorca\\\/\"]}]},{\"@type\":\"BreadcrumbList\",\"@id\":\"https:\\\/\\\/www.llauts.com\\\/fjord-mallorca\\\/#breadcrumb\",\"itemListElement\":[{\"@type\":\"ListItem\",\"position\":1,\"name\":\"Portada\",\"item\":\"https:\\\/\\\/www.llauts.com\\\/de\\\/\"},{\"@type\":\"ListItem\",\"position\":2,\"name\":\"Fjord\"}]},{\"@type\":\"WebSite\",\"@id\":\"https:\\\/\\\/www.llauts.com\\\/#website\",\"url\":\"https:\\\/\\\/www.llauts.com\\\/\",\"name\":\"Llauts.com\",\"description\":\"Alquiler y venta de barcos Puerto d&#039;Andratx\",\"publisher\":{\"@id\":\"https:\\\/\\\/www.llauts.com\\\/#organization\"},\"inLanguage\":\"de-DE\"},{\"@type\":\"Organization\",\"@id\":\"https:\\\/\\\/www.llauts.com\\\/#organization\",\"name\":\"Llauts.com\",\"url\":\"https:\\\/\\\/www.llauts.com\\\/\",\"logo\":{\"@type\":\"ImageObject\",\"inLanguage\":\"de-DE\",\"@id\":\"https:\\\/\\\/www.llauts.com\\\/#\\\/schema\\\/logo\\\/image\\\/\",\"url\":\"https:\\\/\\\/www.llauts.com\\\/wp-content\\\/uploads\\\/2026\\\/02\\\/logo_llauts_1982.png\",\"contentUrl\":\"https:\\\/\\\/www.llauts.com\\\/wp-content\\\/uploads\\\/2026\\\/02\\\/logo_llauts_1982.png\",\"width\":1536,\"height\":1024,\"caption\":\"Llauts.com\"},\"image\":{\"@id\":\"https:\\\/\\\/www.llauts.com\\\/#\\\/schema\\\/logo\\\/image\\\/\"},\"sameAs\":[\"https:\\\/\\\/www.facebook.com\\\/Llauts-Charter-Port-Andratx-253872008116573\\\/\",\"https:\\\/\\\/www.instagram.com\\\/llautsboats\\\/\"]}]}<\/script>\n<!-- \/ Yoast SEO plugin. -->","yoast_head_json":{"title":"Fjord - Llauts.com","robots":{"index":"index","follow":"follow","max-snippet":"max-snippet:-1","max-image-preview":"max-image-preview:large","max-video-preview":"max-video-preview:-1"},"canonical":"https:\/\/www.llauts.com\/fjord-mallorca\/","og_locale":"de_DE","og_type":"article","og_title":"Fjord - Llauts.com","og_description":"[vc_row][vc_column][vc_masonry_grid post_type=&#8221;post&#8221; max_items=&#8221;10&#8243; orderby=&#8221;meta_value&#8221; item=&#8221;11407&#8243; css=&#8221;&#8221; grid_id=&#8221;vc_gid:1773147893856-9a0fe7e6-20b0-4&#8243; taxonomies=&#8221;86&#8243; meta_key=&#8221;eslora&#8221;][\/vc_column][\/vc_row]","og_url":"https:\/\/www.llauts.com\/fjord-mallorca\/","og_site_name":"Llauts.com","article_publisher":"https:\/\/www.facebook.com\/Llauts-Charter-Port-Andratx-253872008116573\/","article_modified_time":"2026-03-10T13:05:55+00:00","og_image":[{"width":170,"height":66,"url":"https:\/\/www.llauts.com\/wp-content\/uploads\/2018\/01\/cropped-logo_png-1.png","type":"image\/png"}],"twitter_card":"summary_large_image","schema":{"@context":"https:\/\/schema.org","@graph":[{"@type":"WebPage","@id":"https:\/\/www.llauts.com\/fjord-mallorca\/","url":"https:\/\/www.llauts.com\/fjord-mallorca\/","name":"Fjord - Llauts.com","isPartOf":{"@id":"https:\/\/www.llauts.com\/#website"},"datePublished":"2021-01-21T13:27:09+00:00","dateModified":"2026-03-10T13:05:55+00:00","breadcrumb":{"@id":"https:\/\/www.llauts.com\/fjord-mallorca\/#breadcrumb"},"inLanguage":"de-DE","potentialAction":[{"@type":"ReadAction","target":["https:\/\/www.llauts.com\/fjord-mallorca\/"]}]},{"@type":"BreadcrumbList","@id":"https:\/\/www.llauts.com\/fjord-mallorca\/#breadcrumb","itemListElement":[{"@type":"ListItem","position":1,"name":"Portada","item":"https:\/\/www.llauts.com\/de\/"},{"@type":"ListItem","position":2,"name":"Fjord"}]},{"@type":"WebSite","@id":"https:\/\/www.llauts.com\/#website","url":"https:\/\/www.llauts.com\/","name":"Llauts.com","description":"Alquiler y venta de barcos Puerto d&#039;Andratx","publisher":{"@id":"https:\/\/www.llauts.com\/#organization"},"inLanguage":"de-DE"},{"@type":"Organization","@id":"https:\/\/www.llauts.com\/#organization","name":"Llauts.com","url":"https:\/\/www.llauts.com\/","logo":{"@type":"ImageObject","inLanguage":"de-DE","@id":"https:\/\/www.llauts.com\/#\/schema\/logo\/image\/","url":"https:\/\/www.llauts.com\/wp-content\/uploads\/2026\/02\/logo_llauts_1982.png","contentUrl":"https:\/\/www.llauts.com\/wp-content\/uploads\/2026\/02\/logo_llauts_1982.png","width":1536,"height":1024,"caption":"Llauts.com"},"image":{"@id":"https:\/\/www.llauts.com\/#\/schema\/logo\/image\/"},"sameAs":["https:\/\/www.facebook.com\/Llauts-Charter-Port-Andratx-253872008116573\/","https:\/\/www.instagram.com\/llautsboats\/"]}]}},"_links":{"self":[{"href":"https:\/\/www.llauts.com\/de\/wp-json\/wp\/v2\/pages\/7082","targetHints":{"allow":["GET"]}}],"collection":[{"href":"https:\/\/www.llauts.com\/de\/wp-json\/wp\/v2\/pages"}],"about":[{"href":"https:\/\/www.llauts.com\/de\/wp-json\/wp\/v2\/types\/page"}],"author":[{"embeddable":true,"href":"https:\/\/www.llauts.com\/de\/wp-json\/wp\/v2\/users\/1"}],"replies":[{"embeddable":true,"href":"https:\/\/www.llauts.com\/de\/wp-json\/wp\/v2\/comments?post=7082"}],"version-history":[{"count":0,"href":"https:\/\/www.llauts.com\/de\/wp-json\/wp\/v2\/pages\/7082\/revisions"}],"wp:attachment":[{"href":"https:\/\/www.llauts.com\/de\/wp-json\/wp\/v2\/media?parent=7082"}],"curies":[{"name":"wp","href":"https:\/\/api.w.org\/{rel}","templated":true}]}}

<div class="wpb-content-wrapper"><p>[vc_row][vc_column]<div class="cq-parallaxcontainer "  data-speed="" data-coverratio="" data-holderminheight="" data-holdermaxheight="" data-extraheight="" data-target=""><div class="cq-parallaximage" data-image="https://www.llauts.com/wp-content/uploads/2020/12/Fjord44_open_CB_1.png" data-width="1324" data-height="794" data-image-mobile="https://www.llauts.com/wp-content/uploads/2020/12/Fjord44_open_CB_1-640x384.png" data-link=""></div><section class="cq-parallaxsection" style="color:#333;background:#FFF;padding:2% 5%;"></p>
<p></section></div><div id="sc_title_899003930"
		class="sc_title color_style_default sc_title_alter  vc_custom_1772644559891"><h5 class="sc_item_title sc_title_title sc_align_center sc_item_title_style_alter sc_item_title_tag">Fjord</h5><div class="sc_item_descr sc_title_descr sc_align_center"><p>Fjord ist eine weltweit anerkannte Marke, die für ihre exquisite Qualität, ihr makelloses Design und die ständige Innovation ihrer Schiffe bekannt ist. Jede Yacht vereint Eleganz, Leistung und Komfort und bietet ein außergewöhnliches Segelerlebnis für alle, die mehr als nur eine Charter suchen: ein wahrhaft authentisches Erlebnis auf See.</p>
<p>Diese Luxusyachten stehen Ihnen im kristallklaren Wasser von Mallorca und Ibiza zur Verfügung, zwei der exklusivsten Segelreviere im Mittelmeer. Segeln Sie durch versteckte Buchten, ankern Sie vor idyllischen Stränden und erleben Sie unvergessliche Sonnenuntergänge vom Deck aus, umgeben von einer privilegierten Umgebung.</p>
<p>Alle Schiffe verfügen über einen professionellen Kapitän, der Sicherheit, Entspannung und Ortskenntnis garantiert, um die schönsten Plätze zu entdecken. Zusätzliche Crew kann für einen noch persönlicheren und exklusiveren Service an Bord hinzugebucht werden.</p>
<p>Für alle, die Entspannung und Adrenalin suchen, bieten die Yachten die Möglichkeit, Wassersportaktivitäten wie Sea Bob, Stand-Up-Paddling und andere Wasserspielzeuge zu nutzen und so jeden Tag auf See zu einem dynamischen und unvergesslichen Erlebnis zu machen.</p>
<p>Eine perfekte Option für private Ausflüge, besondere Feierlichkeiten oder einfach, um das Mittelmeer mit höchstem Luxus und Komfort zu erleben.</p>
</div></div><!-- /.sc_title -->[vc_masonry_grid post_type=&#8221;post&#8221; max_items=&#8221;10&#8243; orderby=&#8221;meta_value&#8221; item=&#8221;11407&#8243; css=&#8221;&#8221; grid_id=&#8221;vc_gid:1773147893856-9a0fe7e6-20b0-4&#8243; taxonomies=&#8221;86&#8243; meta_key=&#8221;eslora&#8221;][/vc_column][/vc_row]</p>
</div>
